 + 4*l + 279. What is the remainder when l is divided by x?
9
Let v(b) = b**2 + 5*b - 2. Let d be v(-5). Let z = 1 + 9. What is the remainder when 31 + 2/d - 2 is divided by z?
8
Suppose 4*s - 21 = -5. Suppose -p + s = -9. Calculate the remainder when 24 is divided by p.
11
Let c be (0 + -3)*(1 + -2). Suppose -3*m - 54 = -c*l, m + 21 + 13 = 2*l. Calculate the remainder when l is divided by 6/(-10)*(-10)/1.
4
Let h(a) = -a**2 - 8*a + 12. What is the remainder when 42 is divided by h(-8)?
6
Suppose d = 6 + 47. Calculate the remainder when d is divided by 14.
11
Calculate the remainder when 265/(-10)*(-3)/((-9)/(-12)) is divided by 18.
16
Let i(d) = -d**3 + 10*d**2 + 13*d - 11. Let g be (3 + -2)*(12 - 1). What is the remainder when 54 is divided by i(g)?
10
Let n be (-8 - -2) + 0/2. Let g = 1 - n. What is the remainder when 20 is divided by g?
6
Let g(v) be the first derivative of 5*v**2 - v + 2. What is the remainder when g(4) is divided by 20?
19
Suppose 5*w = 2*j - 3*j - 179, 4*j = w + 19. Suppose 0 = 2*u + 4*s + 4, u + 0 = -s + 2. Calculate the remainder when (-4)/6 + w/(-3) is divided by u.
5
Suppose 5*s + s - 186 = 0. Calculate the remainder when s is divided by 17.
14
Let t(r) = r + 3. Let y be t(-3). Calculate the remainder when (1 + 14)*(1 + y) is divided by 9.
6
Let w = 2 + 5. Calculate the remainder when w is divided by 2.
1
Let t = -9 - -13. Suppose 0*x = t*x - 16. Suppose x*z + 83 - 303 = 0. Calculate the remainder when z is divided by 19.
17
Let j(o) = -9*o**3 + o**2 + o + 1. Suppose 4 = 5*c - 4*v, -v = 4*v + 5. Suppose -5*t + 145 = -c*t. What is the remainder when t is divided by j(-1)?
9
Let u be 22 + -3*4/(-4). Suppose 0 = 2*j + 3*w - u, -j - 4*j = 2*w - 46. Calculate the remainder when j is divided by 2.
0
Suppose -36 = -4*h + 8. What is the remainder when h is divided by 8?
3
Suppose 2*u = -3*u - 15. Suppose 3*q + o = 6*o + 43, 33 = 2*q + o. Calculate the remainder when q is divided by -1 + 15 + -2 + u.
7
Suppose -5*p = -2*u - 27, u + 20 = 6*u. What is the remainder when 54 is divided by p?
5
Let a(b) = -27*b**3 + b + 1. Let v be a(-1). What is the remainder when (-6)/v - 335/(-9) is divided by 10?
7
Suppose 0 = -f + 4*y - 3, -3*f - 3*y = -8*f + 36. Calculate the remainder when 43 is divided by f.
7
Let z = 11 + -5. Calculate the remainder when 26 is divided by z.
2
Suppose 4*g - 12 = 44. What is the remainder when g is divided by 3?
2
Suppose 2*m + 2*c + 39 = m, 5*c = -2*m - 75. Let l = 40 - m. Calculate the remainder when l is divided by 22.
19
Let t = 40 + -14. What is the remainder when 100 is divided by t?
22
Let h(f) = f**2 - 6*f + 3. Let t be h(4). What is the remainder when 17 is divided by (t + -1)/(-3) - -3?
2
Let g = -7 + 13. What is the remainder when 15 is divided by g?
3
Suppose -3*b + 5*y - 5 = -16, 2*y - 70 = -5*b. Let f = b - -2. What is the remainder when f is divided by 8?
6
Let f(d) = -d + 14. Let u be f(0). Let q = -188 - -234. Calculate the remainder when q is divided by 4/u + (-246)/(-21).
10
Suppose -19*d + 852 = -15*d. What is the remainder when d is divided by 54?
51
Let w(k) = -k**2 - 12*k + 2. Let f = -6 + 29. Let h = f - 10. What is the remainder when w(-5) is divided by h?
11
Let i(a) be the first derivative of a**4/4 + a**3/3 + 6*a - 3. Calculate the remainder when 15 is divided by i(0).
3
Let w(q) = q**2 + 3. What is the remainder when w(-2) is divided by 2?
1
Let u(g) = -g**2 - 15*g + 29. What is the remainder when u(-12) is divided by 17?
14
Suppose -v + 7 = b + 4*b, 10 = 5*v. What is the remainder when 5 is divided by b?
0
Let f(u) = -u**3 + 17*u**2 - 15*u - 11. What is the remainder when 8 is divided by f(16)?
3
Let a(n) = n**3 - 8*n**2 - 8*n - 6. What is the remainder when 7 is divided by a(9)?
1
Let d be (-1)/(-3) + 6/9. Calculate the remainder when d/(3/6) + 12 is divided by 8.
6
Let l = 34 - 7. Calculate the remainder when 79 is divided by l.
25
Let a(h) = -h**2 - 10*h - 1. Calculate the remainder when 57 is divided by a(-8).
12
Suppose 2*w = -3*x + 48, -3*w + 3*x - 2*x + 50 = 0. What is the remainder when 50 is divided by w?
14
Suppose 4*t - b - 27 = 0, 0 = -4*t - 0*b + 2*b + 26. Calculate the remainder when (-129)/(-4) + t/(-28) is divided by (-1 + (-30)/(-8))*4.
10
Calculate the remainder when 80 is divided by (-2)/11 + 888/44 + 1.
17
Let b(w) = w**3 + 3*w**2 + 2*w + 2. Let l be b(-2). Suppose 2*v - 19 = -1. Calculate the remainder when (1 - l - 0)*-17 is divided by v.
8
Let l be 3/(-6)*-38*-1. Let z = -8 - l. Calculate the remainder when 4/14 + 580/28 is divided by z.
10
Let h(s) = 6*s**2 - 3*s - 3. What is the remainder when 12 is divided by h(-1)?
0
Suppose -n - 2*n + 33 = 0. What is the remainder when 20 is divided by n?
9
Suppose g = -5*g - 66. Let v = g + 23. Calculate the remainder when 34 is divided by v.
10
Let w = -50 + 71. Calculate the remainder when 39 is divided by w.
18
Suppose -o = 18 + 12. Let h = o + 62. Suppose -2*v + 4*v - 34 = 0. Calculate the remainder when h is divided by v.
15
Let h(c) be the second derivative of -c**3/6 + 4*c**2 + 4*c. Let d be h(6). Suppose -r = d*r - 150. What is the remainder when r is divided by 17?
16
Suppose -2*i = 2*c - 8, 1 - 6 = -c. Let z be 2*(1 - i)/2. Calculate the remainder when 12 - (-3 + 0 + z) is divided by 5.
3
Let f = 281 - 265. Suppose 0 = -7*i + 2*i - 4*j + 151, -4*i - 4*j = -120. What is the remainder when i is divided by f?
15
Suppose 0*u + 7 = -5*u - 4*r, 2 = -4*u - 2*r. Suppose -2*o + 11 = u. Calculate the remainder when 8 is divided by o.
3
Let k = -242 - -267. Calculate the remainder when k is divided by (-44)/(-6) + (-2)/6.
4
Let v(h) = 2*h**2 - 7*h + 7. Suppose 0*f - 5*f = -15. Suppose -15 = -3*a - 5*u, 0*a + 15 = 3*a + f*u. Calculate the remainder when 64 is divided by v(a).
20
Suppose -2*l = -3*c + 6, 4*c + 3*l - 13 = 3*c. What is the remainder when 5 is divided by c?
1
Suppose 22 = 4*c + 6. Calculate the remainder when 18 is divided by c.
2
Suppose 0 = -8*h + 13*h - 250. What is the remainder when h is divided by 13?
11
Suppose -5*y - 2*z + 69 = 0, 3*z + z = 4*y - 44. Let v = 18 - -83. Let s = v - 52. Calculate the remainder when s is divided by y.
10
Let i(f) = f + 4. What is the remainder when i(14) is divided by 10?
8
Let u be (-50)/(-18) + (-8)/(-36). Suppose -u*s + 7*s = 20. What is the remainder when s is divided by 3?
2
Suppose 4*j = -4*j + 176. Calculate the remainder when 108 is divided by j.
20
Suppose 4*v + 2*z = 52, 5*z = v - 3*v + 18. Let n = -7 + v. Calculate the remainder when 13 is divided by n.
6
Suppose 4*n - 2*n = -5*h + 2, 3*h = 2*n - 2. What is the remainder when 170/15*(3 + h) is divided by 12?
10
Let r = -4 - -11. Let q be ((-6)/8)/((-1)/36). Suppose 0 = -3*c + 3*i + 33 + q, 0 = 5*i. Calculate the remainder when c is divided by r.
6
Let p = -71 - -112. What is the remainder when p is divided by 14?
13
Calculate the remainder when 35 is divided by 33/44 + (-66)/(-8).
8
Let o = -2 + -1. Let n(t) = -t**2 - 4*t - 2. Let d be n(-2). What is the remainder when (o/2)/((-1)/d) is divided by 2?
1
Suppose 0 = 2*w + w + k - 31, -k + 11 = w. Let n = -6 + w. What is the remainder when n is divided by (1/2)/((-1)/(-6))?
1
Suppose 3 = -0*m - 3*m. Let h = 5 + m. What is the remainder when 14 is divided by h?
2
Let z = -19 - -43. Calculate the remainder when 68 is divided by z.
20
Let o = 36 - 21. What is the remainder when 56 is divided by o?
11
Let b = -23 + 42. What is the remainder when ((-5)/(-3))/((-2)/(-66)) is divided by b?
17
Suppose -5*a = -46 - 279. What is the remainder when a is divided by 22?
21
Suppose 12 + 23 = 7*a. Calculate the remainder when 13 is divided by a.
3
Suppose 5*t + 6*a = a + 70, 0 = -4*t + a + 71. What is the remainder when t is divided by 10?
7
Let d = -40 + 54. Calculate the remainder when 51 is divided by d.
9
Let h(x) = -x + 9. Calculate the remainder when h(-25) is divided by 12.
10
Let x(r) be the third derivative of r**6/60 - r**5/60 - r**4/6 + r**3/2 + r**2. What is the remainder when (3*-6)/((-18)/12) is divided by x(2)?
5
Let u be 3 - 4 - (-6 - -1). Suppose 0 = 5*x + o - 3 - 12, 6 = 2*x + 4*o. What is the remainder when u*1 - (-2)/2 is divided by x?
2
Suppose 0 = 2*m - 7*m + 30. What is the remainder when 29 is divided by (-2)/m + 25/3?
5
Let s be (188/8 - 3)*8. 